{"id":4925,"date":"2025-02-26T15:04:05","date_gmt":"2025-02-26T18:04:05","guid":{"rendered":"https:\/\/deportesram.cl\/?post_type=product&#038;p=4925"},"modified":"2025-08-18T22:33:29","modified_gmt":"2025-08-19T02:33:29","slug":"faja-abdominal-ajustable-compress","status":"publish","type":"product","link":"https:\/\/deportesram.cl\/es_es\/producto\/faja-abdominal-ajustable-compress\/","title":{"rendered":"Faja Abdominal AJUSTABLE COMPRESS"},"content":{"rendered":"<p><strong>Dise\u00f1ado para ayudar a aplanar los m\u00fasculos abdominales durante el acondicionamiento aer\u00f3bico.<\/strong><\/p>\n<p><strong>Proporciona soporte central utilizando la tecnolog\u00eda Compress-X para crear un ajuste perfecto mientras retiene el calor corporal y elimina el peso del agua.<\/strong><\/p>\n<p><strong>El cierre de cremallera especialmente dise\u00f1ado se adapta a la mayor\u00eda de los tama\u00f1os de cintura.<\/strong><\/p>\n<p><strong>PRECAUCI\u00d3N:\u00a0Algunas personas pueden ser sensibles al neopreno o al caucho de mezcla de neopreno. Si se desarrolla una erupci\u00f3n cut\u00e1nea, suspenda y consulte a un m\u00e9dico. Para evitar las alergias al neopreno y la posibilidad de irritaci\u00f3n de la piel, use sobre la ropa. No se recomienda el uso del producto por m\u00e1s de 2 horas a la vez.<\/strong><\/p>\n<ul>\n<li><strong>Proporciona soporte central utilizando la tecnolog\u00eda Compress-X para crear un ajuste perfecto mientras retiene el calor corporal y elimina el peso del agua.<\/strong><\/li>\n<li><strong>El cierre de cremallera especialmente dise\u00f1ado se adapta a la mayor\u00eda de los tama\u00f1os de cintura.<\/strong><\/li>\n<\/ul>\n","protected":false},"excerpt":{"rendered":"<p>Dise\u00f1ado para ayudar a aplanar los m\u00fasculos abdominales durante el acondicionamiento aer\u00f3bico. Proporciona soporte central utilizando la tecnolog\u00eda Compress-X para crear un ajuste perfecto mientras retiene el calor corporal y elimina el peso del agua. El cierre de cremallera especialmente dise\u00f1ado se adapta a la mayor\u00eda de los tama\u00f1os de cintura. PRECAUCI\u00d3N:\u00a0Algunas personas pueden ser [&hellip;]<\/p>\n","protected":false},"featured_media":4926,"template":"","meta":[],"product_brand":[],"product_cat":[626,623],"product_tag":[],"class_list":{"0":"post-4925","1":"product","2":"type-product","3":"status-publish","4":"has-post-thumbnail","6":"product_cat-cinturon-y-faja","7":"product_cat-pesas-y-levantamiento","9":"first","10":"outofstock","11":"taxable","12":"shipping-taxable","13":"purchasable","14":"product-type-simple"},"wc_booster_product_categories":[{"id":626,"name":"Cintur\u00f3n y Faja"},{"id":623,"name":"Pesas y Levantamiento"}],"wc_booster_product_price":"<span class=\"woocommerce-Price-amount amount\"><bdi><span class=\"woocommerce-Price-currencySymbol\">&#36;<\/span>12.990<\/bdi><\/span> <small class=\"woocommerce-price-suffix\">IVA Incluido<\/small>","wc_booster_product_rating":"","wc_booster_product_banner_img":false,"wc_booster_product_reviews":[],"wc_booster_product_stock_data":{"manage_stock":false,"total_stock":null,"sold_stock":0},"_links":{"self":[{"href":"https:\/\/deportesram.cl\/es_es\/wp-json\/wp\/v2\/product\/4925","targetHints":{"allow":["GET"]}}],"collection":[{"href":"https:\/\/deportesram.cl\/es_es\/wp-json\/wp\/v2\/product"}],"about":[{"href":"https:\/\/deportesram.cl\/es_es\/wp-json\/wp\/v2\/types\/product"}],"wp:featuredmedia":[{"embeddable":true,"href":"https:\/\/deportesram.cl\/es_es\/wp-json\/wp\/v2\/media\/4926"}],"wp:attachment":[{"href":"https:\/\/deportesram.cl\/es_es\/wp-json\/wp\/v2\/media?parent=4925"}],"wp:term":[{"taxonomy":"product_brand","embeddable":true,"href":"https:\/\/deportesram.cl\/es_es\/wp-json\/wp\/v2\/product_brand?post=4925"},{"taxonomy":"product_cat","embeddable":true,"href":"https:\/\/deportesram.cl\/es_es\/wp-json\/wp\/v2\/product_cat?post=4925"},{"taxonomy":"product_tag","embeddable":true,"href":"https:\/\/deportesram.cl\/es_es\/wp-json\/wp\/v2\/product_tag?post=4925"}],"curies":[{"name":"wp","href":"https:\/\/api.w.org\/{rel}","templated":true}]}}

<p><strong>Diseñado para ayudar a aplanar los músculos abdominales durante el acondicionamiento aeróbico.</strong></p>
<p><strong>Proporciona soporte central utilizando la tecnología Compress-X para crear un ajuste perfecto mientras retiene el calor corporal y elimina el peso del agua.</strong></p>
<p><strong>El cierre de cremallera especialmente diseñado se adapta a la mayoría de los tamaños de cintura.</strong></p>
<p><strong>PRECAUCIÓN: Algunas personas pueden ser sensibles al neopreno o al caucho de mezcla de neopreno. Si se desarrolla una erupción cutánea, suspenda y consulte a un médico. Para evitar las alergias al neopreno y la posibilidad de irritación de la piel, use sobre la ropa. No se recomienda el uso del producto por más de 2 horas a la vez.</strong></p>
<ul>
<li><strong>Proporciona soporte central utilizando la tecnología Compress-X para crear un ajuste perfecto mientras retiene el calor corporal y elimina el peso del agua.</strong></li>
<li><strong>El cierre de cremallera especialmente diseñado se adapta a la mayoría de los tamaños de cintura.</strong></li>
</ul>

<p>Diseñado para ayudar a aplanar los músculos abdominales durante el acondicionamiento aeróbico. Proporciona soporte central utilizando la tecnología Compress-X para crear un ajuste perfecto mientras retiene el calor corporal y elimina el peso del agua. El cierre de cremallera especialmente diseñado se adapta a la mayoría de los tamaños de cintura. PRECAUCIÓN: Algunas personas pueden ser [&hellip;]</p>

Cinturón y Faja
